 3 = 26. List the prime factors of g.
3
Let l = -16 + 21. Suppose -4*m + 0*i + 50 = -2*i, -l*i + 40 = 5*m. What are the prime factors of m?
11
Let i(r) = -2*r**2 - 2*r + 39. List the prime factors of i(0).
3, 13
Let m = -32 + 52. List the prime factors of m.
2, 5
Let v(l) = l**3 - 4*l**2 - 2*l - 6. Let g be 2/((-5 - -2)/6). Let f(m) = -m**2 - 4*m + 5. Let z be f(g). List the prime factors of v(z).
3
Suppose 0*x = -4*x + 20. Suppose -x*v - 3*r + 51 - 9 = 0, 4*v = -2*r + 34. List the prime factors of v.
3
Suppose -3*v = -5 - 1. Suppose v = 4*p - 14. List the prime factors of p.
2
Let n = -2 + 8. Suppose n*a = 3*a. Suppose a = -3*o + 15, 5*j - 35 = o - 3*o. List the prime factors of j.
5
Suppose -5*j = -3*j. List the prime factors of 6 + -4 + j/2.
2
Suppose 0 = d + 1, -4*n + 5*d = 21 - 82. Let u = n + -5. Suppose 4*r + 3*o - u = 51, 40 = 3*r + o. What are the prime factors of r?
2, 3
Let u(p) be the second derivative of p**4/12 - 5*p**3/3 + p**2/2 + 2*p. Let t(f) be the first derivative of u(f). What are the prime factors of t(8)?
2, 3
Suppose 6*n + 125 = 11*n. List the prime factors of 40/(-6)*(-90)/n.
2, 3
Suppose -17 = 5*p + 8. Let d = p - -18. What are the prime factors of d?
13
Let u be ((-1)/2)/((-1)/(-10)). Let k(x) be the first derivative of -2*x**2 - 2*x + 7. What are the prime factors of k(u)?
2, 3
Let u(y) be the second derivative of y**3/6 + 7*y**2/2 - y. Let d = -17 + 12. What are the prime factors of u(d)?
2
Suppose -r - 4*o = -2*r + 16, -2*o - 6 = 0. Suppose -g = r*h - 7, 1 = g - 2. List the prime factors of (8/20)/(h/5).
2
Let z(i) = 35*i + 13. Let c(k) = 18*k + 7. Let b(g) = 5*c(g) - 3*z(g). What are the prime factors of b(-2)?
2, 13
Suppose 1 = q - 1. Let m = -2 + q. Suppose 3*a + m*a + 4*h + 1 = 0, -a = -5*h - 25. List the prime factors of a.
5
Suppose -4*b + 0*r = -3*r - 130, 0 = 3*b - 4*r - 101. What are the prime factors of b?
31
Suppose l + l = 58. List the prime factors of l.
29
Let g(f) = f**3 + 2*f**2 - 3*f + 2. Suppose 15 = 3*c, 5*x - 4*c + 25 = -15. Let m be g(x). List the prime factors of m/4*(-2 + 0).
3
Let l = 5 - 3. Suppose 0 = u - l*n - 10, u - 2*u - 3*n = 10. Suppose 3 = t - u. List the prime factors of t.
5
Let f(n) = n**3 + 7*n**2 + 5*n - 4. Let m be f(-5). Suppose -33 - m = -3*p. What are the prime factors of p?
2, 3
Suppose -v = -5*q - 7, -v - 3*q - 1 = -4*q. Let u = v + 8. What are the prime factors of u?
5
Let z be ((-32)/3)/2*-3. Suppose -z - 29 = -5*m. List the prime factors of m.
3
Let a(z) = -24*z**3 - z**2 - z. What are the prime factors of a(-2)?
2, 5, 19
Let c(u) = u. Let o be c(-2). Let h(v) = 9*v - 19. Let w(d) = 3*d - 6. Let r(a) = o*h(a) + 7*w(a). What are the prime factors of r(4)?
2
Suppose 0 = 3*m - 3*o + 5*o - 633, 0 = 2*o. What are the prime factors of m?
211
Suppose -2*d - 2 = -3*d. Let l be (0/3)/(4/(-2)). Suppose l*s - 6 = -d*s. List the prime factors of s.
3
Let j = -7 + 14. What are the prime factors of j?
7
Let t(i) = -3*i + 73. Let y(c) = -c + 24. Let g(q) = 4*t(q) - 11*y(q). What are the prime factors of g(0)?
2, 7
Let m = 6 - -1. Suppose -m*y + 3*y = 36. Let h(g) = -3*g - 6. List the prime factors of h(y).
3, 7
Let y = -25 - -11. Let z be 3/7 + (-36)/y. Suppose z*j - 7*j = -28. List the prime factors of j.
7
What are the prime factors of 3*4/(-12) + 106?
3, 5, 7
Let j(h) = h**2 + 2*h - 2. Let s be j(2). Let p = -10 + 12. Suppose p + s = a. List the prime factors of a.
2
Let w(n) = -n**3 + 13*n**2 - 12*n + 10. What are the prime factors of w(12)?
2, 5
Suppose 5*t + 5*j + 60 = 0, 4*t - 8*t - 2*j - 48 = 0. Let q = -4 - t. What are the prime factors of q?
2
Let u(l) = -l**2 + 5*l + 6. Let i(n) = 6*n**2 - 1. Let j be i(1). What are the prime factors of u(j)?
2, 3
Suppose -5*l = -a + 130, a + 3*l = -0*l + 162. Suppose 5*c + 0*c - a = 0. List the prime factors of c.
2, 3, 5
Let b = 201 - 72. List the prime factors of b.
3, 43
Suppose -2*y + 640 = 3*y. What are the prime factors of y?
2
Suppose -2 = -t + 12. List the prime factors of 4/t - 48/(-28).
2
Let y be (-4)/18 + 664/72. List the prime factors of 8/36 + 106/y.
2, 3
Suppose 4*o = -79 - 61. Let k = -9 - o. List the prime factors of k.
2, 13
Suppose -f - f + 80 = 0. What are the prime factors of ((-12)/(-10))/(6/f)?
2
What are the prime factors of (74 - 10) + (-1 - -1)?
2
Suppose 0 = -5*h + 27 - 12. Suppose -h*y - 3 = -4*u, 2*u + 0*u = 4*y - 6. Suppose -5*w - 29 = -u*r, r + 2*w = -3*r + 4. List the prime factors of r.
3
List the prime factors of 2/(4*2/212).
53
Suppose 10977 + 435 = -4*t. List the prime factors of t/(-99) + (-4)/(-22).
29
Let d(a) = a - 1. Let z(r) = 6*r - 1. Let g(t) = 4*d(t) - z(t). Let n = -8 - -2. List the prime factors of g(n).
3
List the prime factors of 39 + -2*12/(-8).
2, 3, 7
Let y(j) = -j**3 - 12*j**2 - 12*j + 19. List the prime factors of y(-11).
2, 3, 5
Let d(j) = 2*j + 4. Let i be (6/5)/(5/100). Let r be -3 - i/9*-3. What are the prime factors of d(r)?
2, 7
Suppose 2*d - 3*d + 2 = 0. Suppose 5*i + 25 = d*l + 3*l, l - 5*i = 17. Suppose -l*h = -10 - 0. List the prime factors of h.
5
Suppose 0 = -0*p - 2*p + 86. Let z = p - 23. List the prime factors of 1/5 + 176/z.
3
Suppose u = -4*h + 383, 280 - 10 = 3*h - 5*u. List the prime factors of h.
5, 19
Suppose 0 = -8*v + 3*v - 60. List the prime factors of -54*(-3)/v*-2.
3
Let m = 1 - -2. Let j(t) = -t - m + t**2 + 3*t + 0*t**2. What are the prime factors of j(-5)?
2, 3
Let a(m) = -m**2. Let q be a(0). Suppose -4*l = -q*l - 24. Let y = l + -4. List the prime factors of y.
2
Suppose -z = 4*z + 5. Let y(n) be the third derivative of n**5/30 - n**4/24 + 2*n**2. List the prime factors of y(z).
3
Suppose 4*m + 2*l - 34 = 0, -5*m + 2*l + 75 = -2*l. What are the prime factors of m?
11
Let v = 28 + -4. What are the prime factors of v?
2, 3
Let l(u) be the second derivative of -u**5/20 - u**4/6 - 2*u**2 + 3*u. What are the prime factors of l(-3)?
5
Suppose 0 = 11*p - 6*p. What are the prime factors of (6 + p)/(3/12)?
2, 3
Let q(g) = -g**3 + 4*g**2 - g + 4. Suppose 3*r + 0 - 8 = -4*b, b = 5*r - 21. Let k be q(r). Suppose k = -2*i + 10 - 2. List the prime factors of i.
2
Let m be (-4)/(-10) + (-474)/(-15). Suppose m = k + k. What are the prime factors of k?
2
Let y(j) = 5*j**3 - 3*j**2 + j + 3. Let n be y(2). Suppose 3*h = 12, 2*a = -2*h + n + 19. What are the prime factors of a?
2, 11
Let t = 13 + 7. List the prime factors of t.
2, 5
Suppose -5*p + 5*l = -15, -12 + 0 = -2*p - 4*l. Let x = p - -11. List the prime factors of x.
3, 5
Let b(i) = 2*i**2 - 3*i - 1. Let z be b(7). Let d = z - 33. What are the prime factors of d?
43
Let z = 4 - 6. What are the prime factors of (-92)/(-10) + z/10?
3
Let m = 20 - 11. Let k = m - 3. List the prime factors of k.
2, 3
Let v = -26 + 45. Let o = -2 + v. What are the prime factors of o?
17
Suppose 3*z + 5 = 2*d + 25, 0 = 4*z + d - 12. Suppose z*t + 5*f = 171, -12 = t + 3*f - 53. List the prime factors of t.
2, 11
Let i(f) = -30*f. Let u be i(-4). Suppose -5*c + 5*n = -u - 10, 110 = 5*c - n. Suppose 0*v - 5*v + c = 3*r, 3*v - 51 = -5*r. What are the prime factors of r?
2, 3
Let a = -75 - -108. List the prime factors of a.
3, 11
Suppose 0*w - 3*w = 0. Suppose 4*b + 2*g - 62 = w, b - 5*g + 7 = -5. What are the prime factors of b?
13
Let q(f) = 2*f**2 - 10*f + 1. What are the prime factors of q(7)?
29
Let m = -20 - -69. List the prime factors of m.
7
Let l(g) be the third derivative of -g**4/24 - 5*g**3/6 - 3*g**2. What are the prime factors of l(-7)?
2
Let d(h) = -h**3 + 12*h**2 - 10*h - 3. What are the prime factors of d(11)?
2
Let k = 3 - 2. Let d = k + 9. List the prime factors of d.
2, 5
What are the prime factors of 3*(-389)/(-12) + 4/(-16)?
97
Let c = -6 + 8. Let b(m) = -m + 8. Let l be b(8). Suppose c*s = -0*h - 3*h + 1, -5*s + h + 28 = l. What are the prime factors of s?
5
Let u = 85 + -43. What are the prime factors of u?
2, 3, 7
Let d = -1 - -5. Suppose o + d*o - 30 = 0. Let n = o - 3. List the prime factors of n.
3
Let b(c) = 2*c**3 - c - 1. Let j be b(-1). Let s be 3*j/(-3)*1. Suppose 2*n + 4 = -0*n - 4*a, 2*n - s*a = 20. List the prime factors of n.
2, 3
List the prime factors of -6 + (7 - 0) - 8/(-2).
5
Suppose -4*q + 8 = -3*q. Let a be 2/q - (-146)/(-8). What are the prime factors of (12/a)/((-4)/78)?
13
Suppose -5*t + 5*m 